{"id":435,"date":"2021-08-29T08:40:12","date_gmt":"2021-08-29T08:40:12","guid":{"rendered":"http:\/\/hansundjosef.de\/?page_id=435"},"modified":"2026-02-04T19:36:19","modified_gmt":"2026-02-04T19:36:19","slug":"kindergeburtstag","status":"publish","type":"page","link":"https:\/\/hansundjosef.de\/?page_id=435","title":{"rendered":"Video-Blog"},"content":{"rendered":"<div class=\"wpb-content-wrapper\"><p>[vc_row][vc_column][vc_column_text css=&#8220;&#8220;]<\/p>\n<h1 style=\"text-align: center;\">Video-Blog<\/h1>\n<p>[\/vc_column_text][\/vc_column][\/vc_row][vc_row][vc_column][vc_column_text css=&#8220;&#8220;]Hier findet Ihr in regelm\u00e4\u00dfigen Abst\u00e4nden neue Esel-Video-Blog Beitr\u00e4ge. Wir geben Euch in den Videos Einblicke in unseren Alltag.<\/p>\n<p>Viel Spa\u00df dabei!<\/p>\n<p>&nbsp;<\/p>\n<p>          <style type=\"text\/css\" id=\"vimeography-gallery-1-custom-css\">\n        \n      \/* Inactive Thumbnail Border Color  *\/\n        #vimeography-gallery-1.vimeography-theme-harvestone .vimeography-thumbnail-container .vimeography-link img { border-color: rgb(108, 108, 108); }\n        \r\n\r\n\/* Show Video Titles  *\/\n        #vimeography-gallery-1.vimeography-theme-harvestone .vimeography-title { display: block; }\n        \n          <\/style>\n            <div id=\"vimeography-gallery-1\" class=\"vimeography-theme-harvestone\" data-version=\"2.1\"  itemscope itemtype=\"http:\/\/schema.org\/VideoGallery\">\n        <div id=\"subbie\">\n          <gallery><\/gallery>\n        <\/div>\n      <\/div>\n    [\/vc_column_text][\/vc_column][\/vc_row]<\/p>\n<\/div>","protected":false},"excerpt":{"rendered":"<p>[vc_row][vc_column][vc_column_text css=&#8220;&#8220;] Video-Blog [\/vc_column_text][\/vc_column][\/vc_row][vc_row][vc_column][vc_column_text css=&#8220;&#8220;]Hier findet Ihr in regelm\u00e4\u00dfigen Abst\u00e4nden neue Esel-Video-Blog Beitr\u00e4ge. Wir geben Euch in den Videos Einblicke in unseren Alltag. Viel Spa\u00df dabei! &nbsp; [\/vc_column_text][\/vc_column][\/vc_row]<\/p>\n","protected":false},"author":1,"featured_media":0,"parent":0,"menu_order":0,"comment_status":"closed","ping_status":"closed","template":"","meta":{"footnotes":""},"class_list":["post-435","page","type-page","status-publish","hentry"],"_links":{"self":[{"href":"https:\/\/hansundjosef.de\/index.php?rest_route=\/wp\/v2\/pages\/435","targetHints":{"allow":["GET"]}}],"collection":[{"href":"https:\/\/hansundjosef.de\/index.php?rest_route=\/wp\/v2\/pages"}],"about":[{"href":"https:\/\/hansundjosef.de\/index.php?rest_route=\/wp\/v2\/types\/page"}],"author":[{"embeddable":true,"href":"https:\/\/hansundjosef.de\/index.php?rest_route=\/wp\/v2\/users\/1"}],"replies":[{"embeddable":true,"href":"https:\/\/hansundjosef.de\/index.php?rest_route=%2Fwp%2Fv2%2Fcomments&post=435"}],"version-history":[{"count":45,"href":"https:\/\/hansundjosef.de\/index.php?rest_route=\/wp\/v2\/pages\/435\/revisions"}],"predecessor-version":[{"id":780,"href":"https:\/\/hansundjosef.de\/index.php?rest_route=\/wp\/v2\/pages\/435\/revisions\/780"}],"wp:attachment":[{"href":"https:\/\/hansundjosef.de\/index.php?rest_route=%2Fwp%2Fv2%2Fmedia&parent=435"}],"curies":[{"name":"wp","href":"https:\/\/api.w.org\/{rel}","templated":true}]}}