{"id":995,"date":"2026-02-17T08:47:14","date_gmt":"2026-02-17T08:47:14","guid":{"rendered":"https:\/\/hansundjosef.de\/?page_id=995"},"modified":"2026-03-05T13:18:13","modified_gmt":"2026-03-05T13:18:13","slug":"uebernachten-im-bauwagen","status":"publish","type":"page","link":"https:\/\/hansundjosef.de\/?page_id=995","title":{"rendered":"Urlaub im Bauwagen"},"content":{"rendered":"<div class=\"wpb-content-wrapper\"><p>[vc_row][vc_column][vc_column_text css=&#8220;&#8220;]<\/p>\n<h1 style=\"text-align: center;\">Urlaub im Bauwagen<\/h1>\n<p>[\/vc_column_text][vc_single_image image=&#8220;992&#8243; img_size=&#8220;full&#8220; css=&#8220;&#8220;][\/vc_column][\/vc_row][vc_row][vc_column width=&#8220;1\/2&#8243;][vc_column_text css=&#8220;&#8220;]Ein Urlaub im Bauwagen bei den Eseln ist etwas ganz besonderes. Der Bauwagen ist einfach ausgestattet mit einem Ofen zum Heizen und einer \u00fcberdachten Outdoork\u00fcche zum Kochen. Ein kleiner Gaskocher f\u00fcr den Kaffee am Morgen ist auch vorhanden. Der Bauwagen bietet Platz f\u00fcr bis zu 2 Erwachsende (1,20 Meter Bett) und 2 Kinder (auf Matratzen am Boden). Ein Abenteuer f\u00fcr alle. Wenn ihr mehr als vier Personen seid k\u00f6nnt Ihr gerne zus\u00e4tzlich Euer Zelt aufschlagen.<\/p>\n<p>Der Bauwagen steht direkt am Eselstall und wer mag kann gerne am Stall helfen oder einfach abends das Lagerfeuer genie\u00dfen und sp\u00e4ter zum Pl\u00e4tschern der Brenz einschlafen.<\/p>\n<p>Wir freuen \u00fcber Eure Anfrage.<\/p>\n<h1><strong>Buchungsanfrage:<\/strong><\/h1>\n<p>Hier k\u00f6nnt Ihr unverbindlich eine Anfrage stellen. Wir antworten Euch innerhalb weniger Stunden.<\/p>\n<p>Preis: \u20ac 65,- je \u00dcbernachtung (inkl. 4 Personen) + \u20ac 20,- Endreinigung<\/p>\n<div class=\"wpcf7 no-js\" id=\"wpcf7-f1026-o1\" lang=\"de-DE\" dir=\"ltr\" data-wpcf7-id=\"1026\">\n<div class=\"screen-reader-response\"><p role=\"status\" aria-live=\"polite\" aria-atomic=\"true\"><\/p> <ul><\/ul><\/div>\n<form action=\"\/index.php?rest_route=%2Fwp%2Fv2%2Fpages%2F995#wpcf7-f1026-o1\" method=\"post\" class=\"wpcf7-form init\" aria-label=\"Kontaktformular\" novalidate=\"novalidate\" data-status=\"init\">\n<fieldset class=\"hidden-fields-container\"><input type=\"hidden\" name=\"_wpcf7\" value=\"1026\" \/><input type=\"hidden\" name=\"_wpcf7_version\" value=\"6.1.4\" \/><input type=\"hidden\" name=\"_wpcf7_locale\" value=\"de_DE\" \/><input type=\"hidden\" name=\"_wpcf7_unit_tag\" value=\"wpcf7-f1026-o1\" \/><input type=\"hidden\" name=\"_wpcf7_container_post\" value=\"0\" \/><input type=\"hidden\" name=\"_wpcf7_posted_data_hash\" value=\"\" \/>\n<\/fieldset>\n<p><label> Dein Name *<br \/>\n<span class=\"wpcf7-form-control-wrap\" data-name=\"your-name\"><input size=\"40\" maxlength=\"400\" class=\"wpcf7-form-control wpcf7-text wpcf7-validates-as-required\" aria-required=\"true\" aria-invalid=\"false\" value=\"\" type=\"text\" name=\"your-name\" \/><\/span> <\/label>\n<\/p>\n<p><label> Deine E-Mail-Adresse *<br \/>\n<span class=\"wpcf7-form-control-wrap\" data-name=\"your-email\"><input size=\"40\" maxlength=\"400\" class=\"wpcf7-form-control wpcf7-email wpcf7-validates-as-required wpcf7-text wpcf7-validates-as-email\" aria-required=\"true\" aria-invalid=\"false\" value=\"\" type=\"email\" name=\"your-email\" \/><\/span> <\/label>\n<\/p>\n<p><label> Telefon\/Handy<br \/>\n<span class=\"wpcf7-form-control-wrap\" data-name=\"Telefon\"><input size=\"40\" maxlength=\"400\" class=\"wpcf7-form-control wpcf7-tel wpcf7-text wpcf7-validates-as-tel\" aria-invalid=\"false\" value=\"\" type=\"tel\" name=\"Telefon\" \/><\/span> <\/label>\n<\/p>\n<p><label> Anreise-Datum <span class=\"wpcf7-form-control-wrap\" data-name=\"Anreise\"><input class=\"wpcf7-form-control wpcf7-date wpcf7-validates-as-date\" aria-invalid=\"false\" value=\"\" type=\"date\" name=\"Anreise\" \/><\/span> <\/label> &nbsp; <label> Abreise-Datum <span class=\"wpcf7-form-control-wrap\" data-name=\"Abreise\"><input class=\"wpcf7-form-control wpcf7-date wpcf7-validates-as-date\" aria-invalid=\"false\" value=\"\" type=\"date\" name=\"Abreise\" \/><\/span><\/label><br \/>\n(Mindestens 2 \u00dcbernachtungen)\n<\/p>\n<p><span class=\"wpcf7-form-control-wrap\" data-name=\"Optionen\"><span class=\"wpcf7-form-control wpcf7-checkbox\"><span class=\"wpcf7-list-item first\"><input type=\"checkbox\" name=\"Optionen[]\" value=\"Bettw\u00e4sche f\u00fcr alle \u20ac 30,- (pauschal)\" \/><span class=\"wpcf7-list-item-label\">Bettw\u00e4sche f\u00fcr alle \u20ac 30,- (pauschal)<\/span><\/span><span class=\"wpcf7-list-item last\"><input type=\"checkbox\" name=\"Optionen[]\" value=\"Zeltplatz \u20ac 10,- (je Nacht)\" \/><span class=\"wpcf7-list-item-label\">Zeltplatz \u20ac 10,- (je Nacht)<\/span><\/span><\/span><\/span>\n<\/p>\n<p><label> Wie sind die Vornamen und das Alter aller G\u00e4ste?<br \/>\n<span class=\"wpcf7-form-control-wrap\" data-name=\"Teinehmer\"><input size=\"40\" maxlength=\"400\" class=\"wpcf7-form-control wpcf7-text\" aria-invalid=\"false\" value=\"\" type=\"text\" name=\"Teinehmer\" \/><\/span> <\/label>\n<\/p>\n<p><label> Eure Fragen an uns:<br \/>\n<span class=\"wpcf7-form-control-wrap\" data-name=\"Fragen\"><input size=\"40\" maxlength=\"400\" class=\"wpcf7-form-control wpcf7-text\" aria-invalid=\"false\" value=\"\" type=\"text\" name=\"Fragen\" \/><\/span> <\/label>\n<\/p>\n<p><span class=\"wpcf7-form-control-wrap\" data-name=\"acceptance-174\"><span class=\"wpcf7-form-control wpcf7-acceptance\"><span class=\"wpcf7-list-item\"><label><input type=\"checkbox\" name=\"acceptance-174\" value=\"1\" aria-invalid=\"false\" \/><span class=\"wpcf7-list-item-label\">Ich habe die Datenschutzerkl\u00e4rung gelesen und bin damit einverstanden<\/span><\/label><\/span><\/span><\/span>\n<\/p>\n<p><input class=\"wpcf7-form-control wpcf7-submit has-spinner\" type=\"submit\" value=\"Anfrage senden\" \/>\n<\/p><p style=\"display: none !important;\" class=\"akismet-fields-container\" data-prefix=\"_wpcf7_ak_\"><label>&#916;<textarea name=\"_wpcf7_ak_hp_textarea\" cols=\"45\" rows=\"8\" maxlength=\"100\"><\/textarea><\/label><input type=\"hidden\" id=\"ak_js_1\" name=\"_wpcf7_ak_js\" value=\"149\"\/><script>document.getElementById( \"ak_js_1\" ).setAttribute( \"value\", ( new Date() ).getTime() );<\/script><\/p><div class=\"wpcf7-response-output\" aria-hidden=\"true\"><\/div>\n<\/form>\n<\/div>\n[\/vc_column_text][vc_column_text css=&#8220;&#8220;]<\/p>\n<h1><strong>Details:<\/strong><\/h1>\n<ul>\n<li>Es gibt eine \u00fcberdachte Outdoor K\u00fcche direkt neben dem Bauwagen.<\/li>\n<li>Pfannen, T\u00f6pfe, Besteck und alles was man f\u00fcr ein Bauwagenabenteuer ben\u00f6tigt ist vorhanden.<\/li>\n<li>Ihr bringt Eure Decken und Kopfkissen selber mit oder Ihr bucht Bettw\u00e4sche separat dazu.<\/li>\n<li>Im Bauwagen befindet sich ein Holzofen. Feuerholz ist im Mietpreis enthalten.<\/li>\n<li>Es gibt Parkm\u00f6glichkeiten in unmittelbarer N\u00e4he.<\/li>\n<li>Direkt am Stall ist eine einfache Toilette.<\/li>\n<li>Tiere k\u00f6nnen leider nicht mitgebracht werden.<\/li>\n<li>Der Bauwagen wird ausschlie\u00dflich mit 24Volt Solar\/Batterie betrieben. Der Strom ist ausreichend f\u00fcr Licht, Handys und Laptops.<\/li>\n<li>Es gibt keine Dusche. Aber wie w\u00e4re es mit einem erfrischenden Bad in der Brenz?<\/li>\n<li>Es gibt Wasser zum H\u00e4ndewaschen direkt am Bauwagen. Trinkwasser k\u00f6nnen wir in Flaschen gerne aus der Leitung bereitstellen.<\/li>\n<li>Manche Mobilfunknetzte funktionieren besser als andere&#8230;<\/li>\n<li>Im Bauwagen selber ist er Empfang meist schlecht &#8211; Drau\u00dfen geht es besser<\/li>\n<li>Lagerfeuerschale &#8211; Feuerholz ist vorhanden und im Preis enthalten.<\/li>\n<li>Ein Grillrost f\u00fcr die Feuerschale ist vorhanden.<\/li>\n<li>\u00d6ffentliche Verkehrsmittel &#8222;Bahnhof Sontheim\/Brenz&#8220; und &#8222;Bahnhof Gundelfingen (Bay)&#8220;.<\/li>\n<li>Ihr k\u00f6nnt frische Eier von unseren gl\u00fccklichen H\u00fchner bekommen.<\/li>\n<\/ul>\n<p>[\/vc_column_text][\/vc_column][vc_column width=&#8220;1\/2&#8243;][vc_single_image image=&#8220;905&#8243; img_size=&#8220;large&#8220; css=&#8220;&#8220;][vc_single_image image=&#8220;1001&#8243; img_size=&#8220;full&#8220; css=&#8220;&#8220;][\/vc_column][\/vc_row]<\/p>\n<\/div>","protected":false},"excerpt":{"rendered":"<p>[vc_row][vc_column][vc_column_text css=&#8220;&#8220;] Urlaub im Bauwagen [\/vc_column_text][vc_single_image image=&#8220;992&#8243; img_size=&#8220;full&#8220; css=&#8220;&#8220;][\/vc_column][\/vc_row][vc_row][vc_column width=&#8220;1\/2&#8243;][vc_column_text css=&#8220;&#8220;]Ein Urlaub im Bauwagen bei den Eseln ist etwas ganz besonderes. Der Bauwagen ist einfach ausgestattet mit einem Ofen zum Heizen und einer \u00fcberdachten Outdoork\u00fcche zum Kochen. Ein kleiner Gaskocher f\u00fcr den Kaffee am Morgen ist auch vorhanden. Der Bauwagen bietet Platz f\u00fcr bis zu&hellip;<\/p>\n","protected":false},"author":1,"featured_media":0,"parent":0,"menu_order":0,"comment_status":"closed","ping_status":"closed","template":"","meta":{"footnotes":""},"class_list":["post-995","page","type-page","status-publish","hentry"],"_links":{"self":[{"href":"https:\/\/hansundjosef.de\/index.php?rest_route=\/wp\/v2\/pages\/995","targetHints":{"allow":["GET"]}}],"collection":[{"href":"https:\/\/hansundjosef.de\/index.php?rest_route=\/wp\/v2\/pages"}],"about":[{"href":"https:\/\/hansundjosef.de\/index.php?rest_route=\/wp\/v2\/types\/page"}],"author":[{"embeddable":true,"href":"https:\/\/hansundjosef.de\/index.php?rest_route=\/wp\/v2\/users\/1"}],"replies":[{"embeddable":true,"href":"https:\/\/hansundjosef.de\/index.php?rest_route=%2Fwp%2Fv2%2Fcomments&post=995"}],"version-history":[{"count":36,"href":"https:\/\/hansundjosef.de\/index.php?rest_route=\/wp\/v2\/pages\/995\/revisions"}],"predecessor-version":[{"id":1110,"href":"https:\/\/hansundjosef.de\/index.php?rest_route=\/wp\/v2\/pages\/995\/revisions\/1110"}],"wp:attachment":[{"href":"https:\/\/hansundjosef.de\/index.php?rest_route=%2Fwp%2Fv2%2Fmedia&parent=995"}],"curies":[{"name":"wp","href":"https:\/\/api.w.org\/{rel}","templated":true}]}}